hen 939 is divided by 453.
33
What is the remainder when 358 is divided by 95?
73
Calculate the remainder when 4564 is divided by 170.
144
What is the remainder when 6743 is divided by 181?
46
What is the remainder when 26251 is divided by 295?
291
Calculate the remainder when 5765 is divided by 1405.
145
Calculate the remainder when 1167530 is divided by 21.
14
What is the remainder when 29830 is divided by 195?
190
What is the remainder when 790 is divided by 541?
249
Calculate the remainder when 1087 is divided by 555.
532
Calculate the remainder when 10958 is divided by 164.
134
What is the remainder when 47231 is divided by 446?
401
What is the remainder when 380609 is divided by 36?
17
What is the remainder when 42103 is divided by 105?
103
What is the remainder when 38153 is divided by 227?
17
What is the remainder when 57303 is divided by 232?
231
Calculate the remainder when 2362 is divided by 43.
40
What is the remainder when 2073 is divided by 65?
58
Calculate the remainder when 655528 is divided by 81936.
40
What is the remainder when 5680 is divided by 56?
24
Calculate the remainder when 142 is divided by 75.
67
What is the remainder when 456 is divided by 66?
60
Calculate the remainder when 358316 is divided by 559.
556
Calculate the remainder when 530997 is divided by 24.
21
Calculate the remainder when 2102 is divided by 161.
9
Calculate the remainder when 70485 is divided by 23491.
12
What is the remainder when 40708 is divided by 295?
293
Calculate the remainder when 129340 is divided by 32326.
36
What is the remainder when 37477 is divided by 18733?
11
Calculate the remainder when 4700 is divided by 1558.
26
Calculate the remainder when 15630 is divided by 203.
202
What is the remainder when 9175 is divided by 9?
4
What is the remainder when 5057 is divided by 2510?
37
What is the remainder when 11059 is divided by 369?
358
What is the remainder when 73556 is divided by 99?
98
What is the remainder when 126424 is divided by 10532?
40
Calculate the remainder when 3924 is divided by 48.
36
Calculate the remainder when 82989 is divided by 28.
25
Calculate the remainder when 3270406 is divided by 1032.
1030
Calculate the remainder when 3807 is divided by 56.
55
Calculate the remainder when 7725 is divided by 3790.
145
What is the remainder when 10053 is divided by 192?
69
Calculate the remainder when 467 is divided by 460.
7
Calculate the remainder when 79 is divided by 76.
3
Calculate the remainder when 2975463 is divided by 43.
35
Calculate the remainder when 112783 is divided by 38.
37
Calculate the remainder when 2794 is divided by 14.
8
What is the remainder when 396897 is divided by 98?
95
What is the remainder when 57519 is divided by 199?
8
What is the remainder when 9397 is divided by 2347?
9
What is the remainder when 4384 is divided by 624?
16
Calculate the remainder when 13773 is divided by 89.
67
What is the remainder when 595 is divided by 152?
139
Calculate the remainder when 1678 is divided by 421.
415
What is the remainder when 58566 is divided by 393?
9
What is the remainder when 24344 is divided by 308?
12
What is the remainder when 1614 is divided by 64?
14
Calculate the remainder when 8685 is divided by 8672.
13
What is the remainder when 13927 is divided by 6?
1
What is the remainder when 2268 is divided by 533?
136
Calculate the remainder when 294034 is divided by 217.
216
What is the remainder when 785756 is divided by 32?
28
Calculate the remainder when 19429 is divided by 49.
25
What is the remainder when 37291 is divided by 7?
2
What is the remainder when 9532 is divided by 154?
138
What is the remainder when 2722 is divided by 13?
5
Calculate the remainder when 143957 is divided by 76.
13
What is the remainder when 9424 is divided by 76?
0
What is the remainder when 6881 is divided by 87?
8
What is the remainder when 1638 is divided by 57?
42
What is the remainder when 6954 is divided by 57?
0
What is the remainder when 1014673 is divided by 76?
73
What is the remainder when 198564 is divided by 19?
14
Calculate the remainder when 682460 is divided by 39.
38
What is the remainder when 1874 is divided by 1855?
19
Calculate the remainder when 3605 is divided by 22.
19
Calculate the remainder when 197117 is divided by 22.
19
What is the remainder when 2006 is divided by 949?
108
What is the remainder when 9305 is divided by 31?
5
Calculate the remainder when 48649 is divided by 399.
370
What is the remainder when 165206 is divided by 2?
0
What is the remainder when 177756 is divided by 55?
51
What is the remainder when 2543 is divided by 397?
161
What is the remainder when 131028 is divided by 8?
4
Calculate the remainder when 3122 is divided by 101.
92
What is the remainder when 29489 is divided by 126?
5
Calculate the remainder when 186763 is divided by 8118.
49
Calculate the remainder when 5133 is divided by 2525.
83
Calculate the remainder when 13931 is divided by 39.
8
Calculate the remainder when 25327 is divided by 25319.
8
What is the remainder when 49137 is divided by 12282?
9
Calculate the remainder when 4149 is divided by 1038.
1035
What is the remainder when 20100 is divided by 85?
40
What is the remainder when 687 is divided by 211?
54
Calculate the remainder when 43689 is divided by 14563.
0
What is the remainder when 382 is divided by 121?
19
What is the remainder when 3580 is divided by 890?
20
Calculate the remainder when 3846 is divided by 340.
106
Calculate the remainder when 1590 is divided by 215.
85
Calculate the remainder when 31553 is divided by 1434.
5
What is the remainder when 20672 is divided by 235?
227
Calculate the remainder when 1864 is divided by 606.
46
Calculate the remainder when 9248 is divided by 3049.
101
What is the remainder when 3089 is divided by 632?
561
What is the remainder when 1539 is divided by 471?
126
Calculate the remainder when 868228 is divided by 144704.
4
Calculate the remainder when 301477 is divided by 43068.
1
Calculate the remainder when 7184747 is divided by 1069.
1067
What is the remainder when 3390 is divided by 833?
58
Calculate the remainder when 11881 is divided by 23.
13
Calculate the remainder when 1233361 is divided by 7806.
13
What is the remainder when 67266 is divided by 70?
66
What is the remainder when 11846188 is divided by 1149?
1147
Calculate the remainder when 1706 is divided by 1244.
462
Calculate the remainder when 31999 is divided by 80.
79
What is the remainder when 16027 is divided by 2002?
11
Calculate the remainder when 23053 is divided by 26.
17
What is the remainder when 952 is divided by 191?
188
What is the remainder when 978 is divided by 35?
33
What is the remainder when 77818 is divided by 184?
170
Calculate the remainder when 122630 is divided by 4.
2
What is the remainder when 12945 is divided by 164?
153
What is the remainder when 9549 is divided by 239?
228
Calculate the remainder when 66955 is divided by 16734.
19
Calculate the remainder when 868 is divided by 247.
127
Calculate the remainder when 28339 is divided by 80.
19
What is the remainder when 163792 is divided by 910?
902
Calculate the remainder when 169086 is divided by 84536.
14
Calculate the remainder when 576 is divided by 80.
16
What is the remainder when 115084 is divided by 28745?
104
Calculate the remainder when 417939 is divided by 417939.
0
Calculate the remainder when 46049 is divided by 266.
31
What is the remainder when 18747 is divided by 121?
113
What is the remainder when 66871 is divided by 51?
10
Calculate the remainder when 384771 is divided by 124.
123
What is the remainder when 45184 is divided by 706?
0
Calculate the remainder when 97308 is divided by 12162.
12
Calculate the remainder when 343858 is divided by 33.
31
What is the remainder when 30925 is divided by 82?
11
What is the remainder when 342827 is divided by 267?
266
Calculate the remainder when 221025 is divided by 74.
61
What is the remainder when 594876 is divided by 704?
700
What is the remainder when 3404 is divided by 263?
248
Calculate the remainder when 8567 is divided by 119.
118
What is the remainder when 4408 is divided by 1102?
0
What is the remainder when 48980 is divided by 924?
8
Calculate the remainder when 50552 is divided by 205.
122
Calculate the 